ose -5*a = -u*d - v, 0 = a + 4*d - 13. What is the units digit of a?
3
Let w = -7 + 9. Suppose 5*t - 167 = 3*i, w*i + 168 = 2*t + 3*t. What is the tens digit of t?
3
Let q(b) = b + 2. Let z be q(0). Let u be ((-8)/z)/(-1)*2. Let i = 22 - u. What is the units digit of i?
4
Suppose 7*y - 41 = 3*y + 5*h, -4*y + 4*h + 36 = 0. Suppose x - y = -0*x + 2*c, 36 = 3*x + 2*c. What is the tens digit of x?
1
Let d(k) = k - 7. Let c be d(5). What is the units digit of 32 + (4 - 1) + c?
3
Let t(v) = -v**3 - 8*v**2 - 10*v - 16. What is the units digit of t(-7)?
5
What is the tens digit of (-3)/(-3) + (242 - 4)?
3
Let r(d) be the third derivative of -d**6/120 - 2*d**5/15 - d**4/3 - 5*d**3/6 + d**2. Let o be (91/52)/((-1)/4). What is the units digit of r(o)?
2
Let w be ((-4)/10)/((-2)/420). Let p = w - 57. Suppose 0 = b + 3*c - 12, 0 = -4*b - 4*c + 13 + p. What is the units digit of b?
9
Suppose 0 = c - 8 - 0. Let x = c - 3. Suppose -4*j = x - 21. What is the units digit of j?
4
Let y(i) = 14*i + 3. Let t be y(4). Let g = t - 26. What is the tens digit of g?
3
Suppose -2*p = 1 - 3. Let i(f) = -f**2 + 6*f - 3. Let u be i(5). What is the units digit of -1 + (u + p - -2)?
4
Suppose 5*a + 9*n - 15 = 4*n, -3 = -n. Suppose -2 - 6 = -k - 2*s, a = -2*s - 4. What is the units digit of k/(-18) - (-8)/3?
2
What is the units digit of 1/(3/18*2)?
3
Let b = -133 + 188. What is the tens digit of b?
5
What is the tens digit of 5/((-5)/(-3)) + 22?
2
What is the tens digit of 6/4 - (-143)/2?
7
Let i be (-1 - (-1 - 2))*1. Suppose -i*h + 5*h - 69 = 0. Suppose 4*z - h = u + 9, 55 = 5*z - 5*u. What is the units digit of z?
7
Let a = 10 + -7. What is the units digit of (-2 - 2)*a/(-4)?
3
Suppose -3 = 3*o - 4*o. Suppose 4 + 8 = o*v. What is the units digit of v?
4
Suppose 12*v = -8*v + 2100. What is the hundreds digit of v?
1
Let v(z) = z - 5. Let h be v(3). Let t be (1/h)/(2/(-12)). Suppose 11 = t*x - 10. What is the units digit of x?
7
What is the tens digit of (54/12)/(6/16)?
1
Let m be 6/4 - (-21)/(-6). What is the tens digit of 17*(0 - 2)/m?
1
Suppose 4 = -2*u + 6*u. Suppose 23 = 2*n + u. What is the tens digit of n?
1
Let z = 2 - 3. Let j be z - 7 - (-6 - -8). What is the tens digit of 32/j*(5 + -10)?
1
Let q(u) = u**3 - u**2 - 2*u + 1. Let a = -6 + 8. What is the units digit of q(a)?
1
What is the units digit of 1/1*(71 - 2 - -4)?
3
Let h(t) = -t**3 + 6*t**2 + 4. Let f = -13 - -19. What is the units digit of h(f)?
4
Let s = -180 - -286. What is the hundreds digit of s?
1
Let u(t) = -t**2 + 3*t - 5. Let p be u(4). Let x = 24 - p. What is the tens digit of x?
3
Suppose 1 = -2*x + 21. Suppose 0*i = g + 3*i + x, -5*i - 40 = -3*g. Let s(y) = y**2 - 3*y - 5. What is the units digit of s(g)?
5
Suppose 4*z = 3*o - 8, 7 = 2*o + z - 2. Let r be 2/o - (-29)/2. Let d = r - 8. What is the units digit of d?
7
Suppose 0 = w + 7*n - 3*n - 23, w = -5*n + 28. Suppose 0 = -k + w*k - 64. Suppose 3*l - k = -l. What is the units digit of l?
8
Suppose -w + 30 = 2*w. Let r(s) = -4*s - 4. Let b be r(-6). Let a = b - w. What is the units digit of a?
0
Let x(r) = -r**3 + 6*r**2 - 3*r. Let k be x(5). Suppose -3*l = -91 + k. What is the tens digit of l?
2
Suppose -f = z - 8, 0*f + 14 = -2*f + 4*z. Suppose h - 19 = -j, f*j - 7 - 46 = -h. What is the units digit of j?
7
Let o = -559 + 967. What is the units digit of o?
8
Suppose -2*n + 2*w + 15 - 1 = 0, -4*n - w + 8 = 0. Let o be (-4)/6*12/8 + 3. Suppose 0 = o*f - h - 1 + 3, -2*f - n*h = -14. What is the units digit of f?
1
What is the units digit of 1 - (4 + -25)/3?
8
Let h(o) = 1 - 2*o - 6 + 0*o + 3*o. Let j be ((-30)/(-21))/((-4)/(-28)). What is the units digit of h(j)?
5
Let l = -36 - -45. What is the units digit of l?
9
Suppose 0 = -0*d + d + k - 21, 39 = 3*d - 3*k. What is the units digit of d?
7
Let v(m) = 2*m + 7. Let u be v(-2). Suppose 3*l - 64 = 4*r, -28 = -0*l - 2*l - r. Suppose 0 = u*t - 26 - l. What is the units digit of t?
4
Suppose 1 = w + 2*u, 4*w - 4*u - 6 = 10. Suppose 2*h = -5*r + 2 + 7, 5*h + w*r - 13 = 0. Suppose 26 = -0*t + h*t. What is the units digit of t?
3
Let t(j) be the second derivative of 1/20*j**5 - 1/2*j**3 + j + j**2 + 0*j**4 + 0. What is the units digit of t(2)?
4
Let j = -9 - -35. What is the tens digit of j?
2
Suppose 5*x - 4*x = d - 18, -x = d + 22. Let t = x - -33. Let p = t - 0. What is the tens digit of p?
1
Suppose 17*i - 19*i + 18 = 0. Suppose -2*l + 0*l = 0. Let q = i - l. What is the units digit of q?
9
Let n(g) = 7*g + 4*g**2 + 5 + g**3 + 0*g**3 - 12*g**2. Let a be (-6 + -1)*(2 - 3). What is the units digit of n(a)?
5
Let i = 118 - 83. What is the tens digit of i?
3
Suppose 0 = -3*j + 4*j - 1. What is the units digit of (-2 + 12)*(j + 0)?
0
Suppose 3*f - 13 = -4. Suppose -3*o + 14 = -o - 4*b, 0 = o + 2*b - f. Suppose o*i + 3*h = -8 + 1, -4*i + 3*h = -16. What is the units digit of i?
1
Let g(u) be the third derivative of u**4/24 + 2*u**3/3 + 2*u**2. Let t be (-54)/(-12) - (-2)/(-4). What is the units digit of g(t)?
8
Let d(b) = -b**2 + 7*b + 3. Suppose -3*f = -4*f + 3. Let g be f + ((-12)/3)/(-2). What is the tens digit of d(g)?
1
Let t = -96 - -107. What is the tens digit of t?
1
What is the tens digit of ((-124)/1)/(-4) - 1?
3
What is the tens digit of (20/12 + -2)*-42?
1
Let m(p) = -p**3 + 6*p**2 + 6*p + 7. Let v be m(7). Suppose 5*z - 2*a = 27, -a - 24 = -4*z - v*a. What is the units digit of ((-6)/z - 0)*-7?
6
Suppose 130 = -12*v + 17*v. Suppose 0 = 2*f + 2, 1 = -g - 7*f + 3*f. Suppose -g*n + x = -v, 3*x - 59 = -4*n - 20. What is the units digit of n?
9
Let j(y) = -19*y + 29. What is the hundreds digit of j(-6)?
1
Suppose 0 = -2*t + 4*m, t = -3*t + 2*m + 6. Let u be 1 - t - (1 + 2). What is the units digit of u/(-2)*(-36)/(-8)?
9
Let y(a) = -a + 7. Let u be y(0). Suppose -29 = -8*n + u*n. What is the tens digit of n?
2
Let o(h) = -h - 1. What is the units digit of o(-3)?
2
Let c(h) = -3*h**3 - 3*h**2 - h + 1. Let v be c(-2). Suppose 2*f = 3*o - v, o + 4*o = -3*f - 13. Let t(k) = -k**2 - 7*k - 3. What is the units digit of t(f)?
3
Suppose g - 14 = -0. Suppose g = w + w. What is the units digit of w?
7
Suppose 7*w - 4*w + 12 = 4*q, -4*w + 2*q = 6. Suppose 4*k + 0*k - 76 = w. What is the tens digit of k?
1
Let i(f) = 1 - 4*f**2 - 3*f + 4 - 4 - f**3. Let o be 2/3 - 11/3. What is the units digit of i(o)?
1
Let v = -6 - -14. What is the units digit of v?
8
Let n be (4/(-3))/(-2)*18. Let x be (20/n)/((-2)/(-6)). Suppose -2*a + 7*a = 3*c + 1, 0 = 2*c - x*a + 9. What is the units digit of c?
8
Suppose -1571 + 392 = -3*w. What is the units digit of w?
3
Suppose c - 34 = -5*v + 55, c = 4*v + 89. What is the tens digit of c?
8
Suppose 30 = 5*c + 2*s, 22 = -5*s - 3. Suppose -5*g = -2*z + c - 29, 2*g - 6 = 2*z. Suppose h + 1 - 11 = -x, -2*h + z*x = -8. What is the units digit of h?
7
Let d be (-2)/3 + 12/18. Suppose c + 13 = -x - 3*x, d = -c - 2*x - 5. Let v = c + -2. What is the units digit of v?
1
Let c(k) = k**3 + 16*k**2 + 2*k + 14. Let w be c(-16). What is the tens digit of 1806/36 + 3/w?
5
Let b = 68 - 97. Let s = 50 + b. What is the units digit of s?
1
Let q = 10 - -88. What is the tens digit of q?
9
Let q(n) be the first derivative of -n**4/4 + n**2 - n - 1. Let r be (72/(-20) + 4)*-5. What is the units digit of q(r)?
3
Let y = 9 - 7. Suppose 6*t - 108 = y*t. What is the tens digit of t?
2
Let h(p) = -29*p + 1. Let r be h(-1). Suppose 4*z = -3*s + r, 2*z = 4*s - 3*z - 71. What is the tens digit of s?
1
Let k(z) = -6*z - 30. Let w(c) = 2*c + 10. Let t(m) = -3*k(m) - 8*w(m). Let u be t(9). What is the units digit of 2/(-8) + 91/u?
3
Let c(h) = -h**3 + 2*h**2 + 3*h + 3. Let y be c(3). Let n(f) = 6*f - 1. Let j(x) = x. Let l(m) = -3*j(m) + n(m). What is the units digit of l(y)?
8
Let y = 15 + -91. What is the tens digit of 3/(-1 + (-82)/y)?
3
Let s(w) = 3*w - 10. Let x be s(4). Let r(j) be the second derivative of j**3/6 - j**2/2 + j. What is the units digit of r(x)?
1
What is the units digit of (2 - 23/3)/(2/(-6))?
7
Let h(z) = 14*z - 14 + z**3 + 6*z**2 - 9*z**2 - 10*z**2. What is the units digit of h(12)?
0
Let j = 117 - 9. What is the tens digit of j?
0
Let u = -5 + 45. Let p = u - 20. Suppose 2*r - 4*r - p = -3*v, 20 = 2*v + 2*r. What is the units digit of v?
8
Let f = 1 + -2. Let w = 3 - f. Suppose -3*p - r 